
Let c(h) = -347*h - 11093. Determine c(-32).
11
Let f(p) = -3*p**2 - 56*p - 334. Determine f(-9).
-73
Let f(h) = -h**2 - 5*h - 54. Determine f(-13).
-158
Let v(u) = 6*u**2 + 138*u - 47. What is v(-23)?
-47
Let w(d) = 7*d - 9. Give w(2).
5
Let u(a) = a**2 - 42*a - 660. What is u(-12)?
-12
Let v(y) = -2*y**2 - 1801*y + 9029. Determine v(5).
-26
Let t(z) = 72*z**2 - 167*z + 27. Determine t(2).
-19
Let w(k) = -78*k - 2141. Determine w(-26).
-113
Let x(l) = 8*l**2 - l + 98. Determine x(0).
98
Let u(l) = -l**2 - 30*l - 175. Give u(-21).
14
Let p(c) = -2*c**3 + 6*c**2 - 3*c. Determine p(0).
0
Let t(i) = 3*i**2 + 233*i + 1222. Calculate t(-72).
-2
Let j(i) = i**3 - 25*i**2 + 172*i - 2439. Determine j(22).
-107
Let x(n) = -8*n - 14. Calculate x(13).
-118
Let y(a) = -2*a**2 - 11*a + 1397. Calculate y(-29).
34
Let y(c) = -2745*c - 13712. Calculate y(-5).
13
Let x(v) = v**3 - 15*v**2 + 43*v + 20. Give x(4).
16
Let c(m) = 3342*m - 13344. Determine c(4).
24
Let y(c) = 13*c + 286. What is y(-24)?
-26
Let j(f) = -5*f**2 + 26*f + 36. Give j(6).
12
Let u(y) = 112*y**3 + 5*y - 6. Calculate u(1).
111
Let n(t) = t**3 + 98*t**2 - 740*t - 537. Give n(-105).
-12
Let v(i) = -i**3 - i**2 + 6*i + 245. Give v(0).
245
Let v(f) = -5*f**3 + 52*f**2 + 19*f + 43. What is v(10)?
433
Let a(x) = -5*x**3 - 125*x**2 + 32*x + 791. Give a(-25).
-9
Let z(j) = -46*j + 137. What is z(3)?
-1
Let u(h) = -8*h**3 - 81*h**2 - 8*h + 21. Calculate u(-10).
1
Let t(m) = -23*m**3 + 5*m**2 - 5*m + 3. Determine t(1).
-20
Let f(i) = i**3 + 21*i**2 + 13*i - 155. Calculate f(-21).
-428
Let n(s) = 145*s + 5236. Give n(-36).
16
Let o(c) = -c**2 - 22*c - 90. Give o(-17).
-5
Let i(w) = -w**3 + 6*w**2 + 43*w - 54. Give i(10).
-24
Let m(k) = -34*k + 2480. What is m(74)?
-36
Let u(h) = h**3 + 3*h**2 - 67*h + 24. Give u(-10).
-6
Let i(u) = 8*u + 61. Give i(-5).
21
Let u(o) = -6*o**2 - 230*o - 27. What is u(-38)?
49
Let o(j) = 95*j**2 - 9*j - 10. Calculate o(-1).
94
Let u(f) = -f**3 - 8*f**2 - 12*f + 42. What is u(-5)?
27
Let g(j) = 7*j**3 - 18*j + 40. Calculate g(2).
60
Let a(j) = -j**3 - 10*j**2 - 25*j - 16. What is a(-7)?
12
Let d(n) = -n**3 + 29*n**2 - 75*n - 166. Determine d(25).
459
Let v(g) = -4*g**2 + 47*g + 15. Determine v(14).
-111
Let f(k) = -k**3 - 51*k**2 - 54*k - 189. What is f(-50)?
11
Let u(k) = k**3 - 18*k**2 + k - 66. What is u(18)?
-48
Let s(m) = m**2 - 3*m - 10. Determine s(6).
8
Let w(z) = -z**3 - 68*z**2 + 267*z - 1542. Give w(-72).
-30
Let f(o) = 31*o + 176. What is f(-32)?
-816
Let c(l) = 12*l**2 - 518*l + 92. Determine c(43).
6
Let x(u) = -u**2 + 30*u + 167. Determine x(35).
-8
Let j(v) = -v**2 - 72*v - 976. Determine j(-18).
-4
Let o(v) = -15*v + 136. Give o(12).
-44
Let h(g) = -598*g + 3593. Give h(6).
5
Let m(j) = 1850*j - 18497. Determine m(10).
3
Let b(v) = -v**2 + 681*v + 3426. Determine b(-5).
-4
Let p(a) = -105*a - 196. Calculate p(-1).
-91
Let x(u) = 123*u - 224. Determine x(2).
22
Let f(w) = 121*w**3 - 5*w**2 + 3*w. What is f(1)?
119
Let m(f) = f**3 + 5*f**2 + 24*f + 144. Determine m(-5).
24
Let h(z) = 7*z**2 + 385*z - 1160. Calculate h(3).
58
Let m(j) = -5*j**3 + j**2 + 9*j + 7. Determine m(-3).
124
Let m(o) = o**2 + 194*o + 3012. Determine m(-17).
3
Let p(v) = -v**2 - 4*v - 39. What is p(8)?
-135
Let c(d) = -d**3 + 31*d**2 - 20*d + 30. Determine c(31).
-590
Let t(i) = 3*i**3 + 51*i**2 - 3*i - 32. Give t(-17).
19
Let v(l) = -2*l**2 + 30*l + 121. Calculate v(-4).
-31
Let l(b) = 5*b**2 + 347*b - 48. Calculate l(-70).
162
Let t(j) = j**3 - 121*j**2 + 3552*j - 87. Determine t(50).
13
Let d(l) = -2*l - 5. Determine d(-1).
-3
Let v(f) = -18*f + 29. What is v(-8)?
173
Let a(j) = -94*j - 164. What is a(-5)?
306
Let o(v) = 140*v - 532. Give o(4).
28
Let t(n) = -6*n**2 + 18*n + 124. Determine t(-5).
-116
Let n(r) = -9*r**3 - 14*r**2 - 16*r - 5. What is n(-1)?
6
Let d(y) = -5*y**3 - 43*y**2 - 24*y - 1. What is d(-8)?
-1
Let s(w) = -21*w**2 + 18*w + 34. What is s(-2)?
-86
Let w(h) = 27*h - 184. Give w(-7).
-373
Let v(o) = 5*o**2 + 340*o - 50. Determine v(-69).
295
Let q(t) = t**3 + 51*t**2 + 645*t + 32. Give q(-24).
104
Let h(o) = 2*o**2 - 17*o - 75. What is h(13)?
42
Let b(l) = -l**2 - 92*l + 5112. Determine b(39).
3
Let g(q) = -7*q**3 + 56*q**2 - 73*q + 18. What is g(1)?
-6
Let r(u) = -2*u**3 + 348*u**2 - 2010*u - 999. What is r(168)?
9
Let b(k) = 9*k**2 + 71*k - 104. Determine b(-9).
-14
Let v(a) = -a**3 + 15*a**2 + 103*a - 23. Determine v(20).
37
Let i(a) = -1029*a - 4092. Determine i(-4).
24
Let b(j) = 7*j**3 - 4*j**2 + 4*j - 2. Give b(1).
5
Let b(d) = -4*d**3 - 443*d**2 + 116*d + 538. Give b(-111).
-17
Let x(k) = 6*k - 417. Determine x(42).
-165
Let z(u) = -2*u**3 + 55*u**2 + 119*u + 6. What is z(-2)?
4
Let j(f) = 161*f - 2115. What is j(13)?
-22
Let v(p) = 48*p**2 + 12*p - 3. Determine v(-2).
165
Let b(r) = 2*r**3 - 50*r**2 - 62*r + 210. Give b(26).
-50
Let i(w) = -15*w + 175. What is i(13)?
-20
Let u(t) = -5*t**2 + 83*t + 20. Calculate u(17).
-14
Let d(p) = 247*p + 1238. Determine d(-5).
3
Let a(u) = -387*u - 3480. Determine a(-9).
3
Let d(f) = 17*f**2 - 11*f + 3. What is d(-3)?
189
Let d(u) = -u**3 - 25*u**2 - 205*u - 1715. Give d(-19).
14
Let m(v) = 11*v + 88. Calculate m(-15).
-77
Let n(j) = 62*j - 65. Calculate n(3).
121
Let y(o) = -11756*o + 23512. Give y(2).
0
Let g(u) = 136*u + 741. Give g(-6).
-75
Let g(r) = -19*r - 103. Determine g(8).
-255
Let t(d) = 5*d**2 + 67*d + 70. Determine t(-12).
-14
Let i(z) = z**3 + 26*z**2 - 94*z - 242. What is i(-28)?
822
Let c(x) = x**3 + 32*x**2 + 151*x - 87. Determine c(-26).
43
Let i(d) = d**2 - 82*d + 1018. Calculate i(15).
13
Let t(v) = -157*v + 4717. Give t(30).
7
Let j(p) = 16*p - 44. Determine j(-3).
-92
Let y(j) = -21*j - 639. Calculate y(0).
-639
Let f(p) = -10*p**2 + 71*p - 5. Determine f(7).
2
Let g(a) = a**2 - 77*a + 1258. Calculate g(54).
16
Let k(s) = -s**2 + 1119*s - 123376. Calculate k(124).
4
Let r(a) = -57*a - 417. Determine r(-4).
-189
Let h(q) = -2*q**3 + 25*q**2 + 20*q - 21. Determine h(13).
70
Let s(f) = -782*f + 6248. Determine s(8).
-8
Let u(q) = 14*q - 2623. Determine u(176).
-159
Let s(k) = 2*k**3 + 25*k**2 - 26*k - 43. What is s(-5)?
462
Let h(v) = -48*v + 386. Determine h(9).
-46
Let m(d) = -3*d**3 - 72*d**2 - 71*d - 44. Give m(-23).
2
Let p(t) = t**2 + 83*t + 385. Calculate p(-5).
-5
Let n(c) = 183*c + 417. Calculate n(-2).
51
Let q(d) = -20*d - 331. What is q(-27)?
209
Let n(j) = 1060*j - 2126. What is n(2)?
-6
Let r(j) = -j**3 - 3*j**2 - 8*j + 72. Determine r(5).
-168
Let l(a) = 3*a**2 - 14*a - 68. What is l(-4)?
36
Let y(i) = -2*i**3 + 6*i**2 + 15*i - 11. Determine y(4).
17
Let a(k) = -106*k + 334. Give a(9).
-620
Let m(q) = 10*q**2 - 54*q - 23. Calculate m(6).
13
Let y(o) = 6*o**2 + 59*o - 16. Determine y(-10).
-6
Let d(o) = 732*o + 2263. Give d(-3).
67
Let a(q) = q**3 + 21*q**2 - 42*q - 9. Give a(-23).
-101
Let c(o) = o**2 + 154*o - 22972. Determine c(93).
-1
Let u(f) = -279*f + 1667. What is u(6)?
-7
Let t(a) = 86*a**2 + 42*a - 3. Give t(1).
125
Let z(w) = 25*w**2 + 90*w + 179. What is z(-2)?
99
Let k(l) = -21*l**3 - l**2 + 275*l - 275. Calculate k(1).
-22
Let f(b) = -7*b + 375. Calculate f(24).
207
Let h(t) = -t**2 + 87*t + 1656. Calculate h(103).
8
Let n(i) = -30*i - 170. Determine n(-7).
40
Let f(k) = 19*k**2 - 153*k + 133. What is f(7)?
-7
Let s(b) = -b**2 - 3*b + 49. Calculate s(5).
9
Let r(c) = -c**3 + 11*c**2 - 19*c + 23. Give r(10).
-67
Let m(t) = 753*t - 9044. Calculate m(12).
-8
Let c(b) = -181*b + 3474. Determine c(19).
35
Let i(w) = 2*w**3 + 30*w**2 + 35*w + 46. Calculate i(-14).
-52
Let i(g) = g**3 + 2*g**2 - 2*g + 52. Determine i(0).
52
Let n(h) = 16*h + 20. What is n(14)?
244
Let k(f) = -f**3 + 110*f**2 - 49*f + 5376. Give k(110).
-14
Let a(m) = -117*m + 69. Calculate a(-3).
420
Let y(o) = 89*o - 1882. Calculate y(21).
-13
Let q(f) = -71*f - 1066. Determine q(-15).
-1
Let d(r) = 372*r**2 - 3348*r - 5. What is d(9)?
-5
Let o(p) = -3*p**2 + 6*p + 146. Determine o(-14).
-526
Let g(c) = 13*c**2 - 581*c - 173. What is g(45)?
7
Let g(q) = 3*q**2 + 32*q + 8. Give g(-7).
-69
Let x(s) = -143*s - 2498. Calculate x(-18).
76
Let k(x) = -3*x**3 + 84*x**2 + 179*x - 75. Determine k(30).
-105
Let z(k) = k**3 - 14*k**2 - 34*k + 254. Give z(15).
-31
Let b(v) = 2*v + 43. Give b(-11).
21
Let m(w) = -65